 9212?
2, 7, 47
What are the prime factors of 4508?
2, 7, 23
List the prime factors of 4384.
2, 137
List the prime factors of 4330.
2, 5, 433
What are the prime factors of 8036?
2, 7, 41
List the prime factors of 1791.
3, 199
What are the prime factors of 49563?
3, 5507
List the prime factors of 4342.
2, 13, 167
List the prime factors of 71515.
5, 14303
List the prime factors of 5974.
2, 29, 103
List the prime factors of 4034.
2, 2017
What are the prime factors of 18558?
2, 3, 1031
What are the prime factors of 39423?
3, 17, 773
What are the prime factors of 1083?
3, 19
What are the prime factors of 2110?
2, 5, 211
List the prime factors of 25117.
25117
What are the prime factors of 459?
3, 17
What are the prime factors of 9301?
71, 131
What are the prime factors of 74191?
13, 439
What are the prime factors of 25938?
2, 3, 11, 131
List the prime factors of 1550.
2, 5, 31
What are the prime factors of 23987?
17, 83
What are the prime factors of 5193?
3, 577
List the prime factors of 1214.
2, 607
What are the prime factors of 72215?
5, 11, 13, 101
List the prime factors of 3487.
11, 317
What are the prime factors of 2571?
3, 857
List the prime factors of 6732.
2, 3, 11, 17
What are the prime factors of 58?
2, 29
What are the prime factors of 68017?
17, 4001
What are the prime factors of 12797?
67, 191
List the prime factors of 30143.
43, 701
What are the prime factors of 4784?
2, 13, 23
List the prime factors of 13049.
13049
What are the prime factors of 486?
2, 3
What are the prime factors of 3871?
7, 79
List the prime factors of 2715.
3, 5, 181
List the prime factors of 30355.
5, 13, 467
What are the prime factors of 34902?
2, 3, 7, 277
What are the prime factors of 23794?
2, 11897
What are the prime factors of 1234?
2, 617
List the prime factors of 4612.
2, 1153
List the prime factors of 24.
2, 3
What are the prime factors of 167995?
5, 33599
What are the prime factors of 75818?
2, 167, 227
List the prime factors of 88662.
2, 3, 7, 2111
List the prime factors of 7257.
3, 41, 59
List the prime factors of 5276.
2, 1319
List the prime factors of 6400.
2, 5
What are the prime factors of 1116?
2, 3, 31
List the prime factors of 5214.
2, 3, 11, 79
What are the prime factors of 83669?
31, 2699
List the prime factors of 341.
11, 31
What are the prime factors of 1658?
2, 829
List the prime factors of 3271.
3271
What are the prime factors of 2907?
3, 17, 19
List the prime factors of 656.
2, 41
List the prime factors of 4965.
3, 5, 331
What are the prime factors of 144820?
2, 5, 13, 557
What are the prime factors of 8703?
3, 967
List the prime factors of 8441.
23, 367
What are the prime factors of 661?
661
What are the prime factors of 17074?
2, 8537
What are the prime factors of 6257?
6257
What are the prime factors of 1149?
3, 383
What are the prime factors of 2602?
2, 1301
List the prime factors of 51873.
3, 17291
List the prime factors of 8260.
2, 5, 7, 59
List the prime factors of 10364.
2, 2591
What are the prime factors of 49000?
2, 5, 7
List the prime factors of 164861.
41, 4021
What are the prime factors of 4520?
2, 5, 113
List the prime factors of 490.
2, 5, 7
List the prime factors of 13163.
13163
What are the prime factors of 1596?
2, 3, 7, 19
List the prime factors of 4664.
2, 11, 53
List the prime factors of 108534.
2, 3, 18089
List the prime factors of 2991.
3, 997
List the prime factors of 10761.
3, 17, 211
List the prime factors of 31002.
2, 3, 5167
What are the prime factors of 11831?
11831
What are the prime factors of 15897?
3, 7, 757
What are the prime factors of 15622?
2, 73, 107
List the prime factors of 1991.
11, 181
List the prime factors of 2499.
3, 7, 17
List the prime factors of 1111.
11, 101
What are the prime factors of 1084?
2, 271
List the prime factors of 10022.
2, 5011
What are the prime factors of 4112?
2, 257
What are the prime factors of 73505?
5, 61, 241
What are the prime factors of 26777?
26777
List the prime factors of 8417.
19, 443
List the prime factors of 309.
3, 103
What are the prime factors of 2062?
2, 1031
List the prime factors of 359.
359
What are the prime factors of 2853?
3, 317
What are the prime factors of 474?
2, 3, 79
List the prime factors of 27972.
2, 3, 7, 37
List the prime factors of 3298.
2, 17, 97
What are the prime factors of 8368?
2, 523
What are the prime factors of 19712?
2, 7, 11
List the prime factors of 5714.
2, 2857
What are the prime factors of 460?
2, 5, 23
What are the prime factors of 31518?
2, 3, 17, 103
List the prime factors of 9591.
3, 23, 139
List the prime factors of 3272.
2, 409
List the prime factors of 14246.
2, 17, 419
List the prime factors of 14177.
14177
List the prime factors of 80.
2, 5
List the prime factors of 307.
307
What are the prime factors of 987?
3, 7, 47
What are the prime factors of 2847?
3, 13, 73
List the prime factors of 27562.
2, 13781
List the prime factors of 6674.
2, 47, 71
What are the prime factors of 82698?
2, 3, 7, 11, 179
What are the prime factors of 5786?
2, 11, 263
What are the prime factors of 39086?
2, 19543
List the prime factors of 24276.
2, 3, 7, 17
What are the prime factors of 31179?
3, 19, 547
List the prime factors of 728.
2, 7, 13
List the prime factors of 1052.
2, 263
List the prime factors of 61204.
2, 11, 13, 107
List the prime factors of 45890.
2, 5, 13, 353
What are the prime factors of 330?
2, 3, 5, 11
List the prime factors of 1268.
2, 317
List the prime factors of 997.
997
What are the prime factors of 966?
2, 3, 7, 23
What are the prime factors of 1469?
13, 113
List the prime factors of 557.
557
List the prime factors of 1858.
2, 929
List the prime factors of 24427.
13, 1879
What are the prime factors of 110260?
2, 5, 37, 149
List the prime factors of 14802.
2, 3, 2467
List the prime factors of 1029.
3, 7
List the prime factors of 1364.
2, 11, 31
List the prime factors of 15110.
2, 5, 1511
What are the prime factors of 1037?
17, 61
What are the prime factors of 650?
2, 5, 13
List the prime factors of 617.
617
What are the prime factors of 8092?
2, 7, 17
What are the prime factors of 70?
2, 5, 7
List the prime factors of 4594.
2, 2297
What are the prime factors of 5444?
2, 1361
What are the prime factors of 71862?
2, 3, 7, 29, 59
List the prime factors of 1582.
2, 7, 113
List the prime factors of 57.
3, 19
List the prime factors of 28212.
2, 3, 2351
What are the prime factors of 14007?
3, 7, 23, 29
List the prime factors of 1693.
1693
List the prime factors of 70434.
2, 3, 7, 13, 43
List the prime factors of 75670.
2, 5, 7, 23, 47
What are the prime factors of 44890?
2, 5, 67
List the prime factors of 1597.
1597
List the prime factors of 1948.
2, 487
What are the prime factors of 78545?
5, 23, 683
List the prime factors of 27659.
17, 1627
What are the prime factors of 340?
2, 5, 17
List the prime factors of 1072.
2, 67
List the prime factors of 42222.
2, 3, 31, 227
What are the prime factors of 428?
2, 107
What are the prime factors of 5898?
2, 3, 983
What are the prime factors of 1254?
2, 3, 11, 19
What are the prime factors of 4977?
3, 7, 79
List the prime factors of 6782.
2, 3391
List the prime factors of 445.
5, 89
What are the prime factors of 837?
3, 31
What are the prime factors of 43456?
2, 7, 97
What are the prime factors of 16962?
2, 3, 11, 257
What are the prime factors of 7713?
3, 857
What are the prime factors of 8346?
2, 3, 13, 107
List the prime factors of 139665.
3, 5, 9311
List the prime factors of 129818.
2, 13, 4993
What are the prime factors of 253?
11, 23
What are the prime factors of 67611?
3, 31, 727
List the prime factors of 9547.
9547
What are the prime factors of 69416?
2, 8677
List the prime factors of 6276.
2, 3, 523
What are the prime factors of 44688?
2, 3, 7, 19
What are the prime factors of 21144?
2, 3, 881
List the prime factors of 6877.
13, 23
List the prime factors of 8154.
2, 3, 151
List the prime factors of 2485.
5, 7, 71
List the prime factors of 5309.
5309
What are the prime factors of 82291?
11, 7481
What are the prime factors of 2830?
2, 5, 283
List the prime factors of 23198.
2, 7, 1657
What are the prime factors of 35909?
149, 241
List the prime factors of 12063.
3, 4021
List the prime factors of 67336.
2, 19, 443
List the prime factors of 2346.
2, 3, 17, 23
What are the prim